erivative of -i**6/360 - 7*i**5/120 - i**4/3 - 11*i**3/6 + i. Let p(q) be the second derivative of x(q). Determine p(-7).
-8
Let n(o) = o**2 + 1. Let s be (1 - 2) + (-3 - -6). Let h(l) = -l**3 - 4*l**2 + 2*l - 1. Let w(t) = s*n(t) + h(t). Suppose -3*k - 2 + 8 = 0. What is w(k)?
-11
Let y(t) = 11*t**2 + 10*t + 44. Let m(i) = 18*i**2 + 17*i + 72. Let v(x) = -8*m(x) + 13*y(x). Suppose 0 = -p - 0*p - 2. Calculate v(p).
4
Let l(q) be the third derivative of -q**6/360 + 7*q**5/120 + 13*q**4/24 + 14*q**2. Let j(d) be the second derivative of l(d). What is j(6)?
-5
Let w(v) be the first derivative of v**3/3 - 11*v - 7. What is w(4)?
5
Let q(s) = -7*s**2 - 69*s + 3. Let v be q(-10). Let g(o) = o**2 + 7*o - 2. What is g(v)?
-2
Let x(u) = -u**2 + u - 1. Let q(l) = -10*l**2 - 4. Let z(v) = -v**2 - v + 1. Let h(a) = q(a) - 5*z(a). Let s(g) = h(g) - 6*x(g). What is s(4)?
9
Let u(d) = -3 - 2 + d + 6. Let k(x) = -10*x - 3. Let t(m) = 2*k(m) + 18*u(m). What is t(8)?
-4
Let a(m) = 15*m - 2. Let n(v) = -193*v + 190. Let b be n(1). What is a(b)?
-47
Let t be 1 - (4 + (-6)/3). Let v be -6 + -2 + t + 1. Let f = 3 + v. Let g(u) = -u**3 - 5*u**2 - 2*u - 5. Determine g(f).
5
Suppose 2*t + 4*x = t + 3, -x = 2*t - 13. Let g = -1 + 5. Let s(p) = 5*p + p**3 - t*p - 3*p**2 - g + 0*p. Give s(4).
4
Let v(n) be the third derivative of 1/6*n**4 + 0 + 11*n**2 + 0*n + 1/3*n**3. Give v(-5).
-18
Suppose 4*n - 8 = -2*h, -n - 6 = 3*h - 13. Let g(r) be the second derivative of 0 - r**h - 1/12*r**4 - 1/2*r**3 - 3*r. Determine g(-3).
-2
Let w(x) = x + 2. Let s = -45 + 47. Suppose -s*o = -2*p + 12, -3*o + 8*o = -p + 6. Calculate w(p).
8
Let f = 538 - 535. Let t(n) = 7*n - 2. Give t(f).
19
Let u(x) = -1 - 1 - 5 - 10*x + 13*x + 2. Determine u(-7).
-26
Let t(k) = -3*k**2 - 19*k + 2. Let s = -372 - -366. What is t(s)?
8
Let c(z) be the third derivative of z**4/3 + z**3/3 + 216*z**2. Determine c(-4).
-30
Let c(j) = -5*j - 31. Let q(r) = 5*r + 30. Let g(u) = -3*c(u) - 2*q(u). Calculate g(-4).
13
Let g(p) = 3*p**2 - p. Suppose -6*h = -0*h - 30. Suppose -3*u + h = -2*j - 2*j, -6 = 3*j - 3*u. Calculate g(j).
2
Let h(l) = 0*l - 6*l + l - 3. Determine h(6).
-33
Let f(k) = k**3 + 4*k**2 + k + 2. Suppose 0*r - 3*r + 9 = 0. Suppose r*z + 18 = 6. Determine f(z).
-2
Let b(o) = -4 + 6*o**2 - 1 - 7*o**2 + 6*o. Suppose 0 = 3*w + 3*x - 105 + 27, 0 = -2*x + 2. Let j be 135/w + (-2)/5. What is b(j)?
0
Let v(u) be the third derivative of 0 + 0*u + 2/3*u**3 + 0*u**4 - 3/40*u**5 + 5*u**2. Let n(c) be the first derivative of v(c). Give n(-1).
9
Let u(v) be the third derivative of -v**6/120 - 11*v**5/60 - 5*v**4/12 + v**3/6 - 58*v**2. What is u(-10)?
1
Let d(v) = -v**2 - 3*v + 5. Let f be 67/(-6) + 2/12. Let b = -15 - f. What is d(b)?
1
Let f(h) be the second derivative of -h**3/3 + 8*h. Let t be (-4)/6*(-2 - 1). Let g = 3 + t. Determine f(g).
-10
Let m(w) = -12*w**2 - 6*w + 6. Let j be m(1). Let u(x) = -x**2 - 12*x + 6. Give u(j).
6
Let o(b) be the second derivative of -b**4/6 - b**3/2 + b**2 + b. Let v(d) = 3*d + 20. Let x be v(5). Let r = x - 38. Give o(r).
-7
Suppose 11*q - 10 = 56. Let u(p) = -p**3 + 5*p**2 + 7*p + 2. Determine u(q).
8
Let j(z) = z**2 + 11*z + 11. Let u(d) = -7*d + 97. Let c be u(15). What is j(c)?
-13
Let n(c) be the third derivative of c**7/5040 + c**6/180 + c**5/20 + 26*c**2. Let s(o) be the third derivative of n(o). Determine s(-12).
-8
Suppose 3*j - 5*j = -8. Suppose 0 = 2*w - j*w + 26. Let p(q) = -1 - 3*q**2 + w*q**2 - 2*q - 9*q**2. Determine p(3).
2
Suppose 6 = -0*z - 2*z. Let s be (-4)/(-2 + (-8)/z). Let h(y) be the first derivative of -y**2/2 - 4*y + 65. What is h(s)?
2
Let g(q) = q**3 + q**2 - 3*q + 4. Suppose -47*u + 48*u + 11 = -4*c, -5*c = 4*u. Give g(c).
-32
Let t(l) = -11*l + 1. Suppose 29*c + 259 + 176 = 0. Let q be (9/6)/(3/32). Let k = c + q. Give t(k).
-10
Let o(m) = -m**3 + 5*m**2 + 8*m + 2. Let v be o(6). Let q = 13 - v. Let h(r) = -r - 1. Let x(t) = -2*t + 2. Let p(d) = q*h(d) + x(d). What is p(-3)?
6
Suppose 0 = 4*b + 2*q + 2, 5*b - b - 4*q - 4 = 0. Let r(f) = -2 + b + 2 - 5*f + f**2 - 1. What is r(6)?
5
Let c(s) = s**2 - s - 1. Let p(w) = 5*w**2 + 2*w - 6. Let b(t) = 4*c(t) - p(t). Let r(v) = -v - 4. Let a be r(3). Determine b(a).
-5
Let d(r) be the third derivative of -r**4/24 - r**3/6 - 5*r**2. Let z(u) = 4. Let h(x) = -d(x) + z(x). Suppose -24 = o - 5*o. What is h(o)?
11
Suppose -8*k = -3*k - 10. Suppose 3*m - 1 = k. Suppose 5*v + m = -14. Let s(i) = i**3 + 5*i**2 + 3*i - 4. What is s(v)?
5
Suppose 5*h + 20 = 2*t - t, 5*t - 5*h - 20 = 0. Let w(p) = 4*p**3 + 4*p + 7. Let l(c) = 18 - 5*c**3 - 9 - 9 - 6 - 5*c. Let g(z) = 3*l(z) + 4*w(z). Give g(t).
10
Let d(y) be the second derivative of y**4/12 + 2*y**3/3 + 2*y**2 - y - 4. Let q(h) = -h**2 + 10*h - 11. Let p be q(8). Suppose x = p*x + 12. Calculate d(x).
1
Let a(m) = m**3 - 5*m**2 - m - 3. Suppose -c = -5*c. Let u = 5 - 0. Let t = u + c. Determine a(t).
-8
Let h(o) = 3 - 111*o - 111*o - 114*o + 450*o - 14*o**2 + 2*o**3 - 116*o. What is h(7)?
-11
Let n(m) = -3*m + 5. Suppose 4 = -4*a - 12, -18 = -f + 4*a. Let h be n(f). Let q(l) = -10*l**2 + l. Calculate q(h).
-11
Let j(h) be the second derivative of -h**5/20 - h**4/3 - h**3/3 - h**2/2 - h. Let k be (-13 + 11)*(2 - (5 - 4)). Calculate j(k).
-5
Let u = -9 + 12. Suppose u = 11*t - 12*t. Let p = t - -4. Let f(v) = -8*v + 1. Determine f(p).
-7
Let z(g) = 14*g - 8*g + 9 - 12*g. Let o(l) = -6*l + 10. Let x(j) = -5*o(j) + 6*z(j). Calculate x(-4).
28
Let s(x) = -x**2 - 5*x + 5. Suppose -28 = -4*u + 6*k - k, 0 = 3*u + k - 2. Let w be u*-1*24/(-16). Let h be (w - 0)*(1 + -3). Determine s(h).
-1
Let r(t) = 9*t**2 + 10*t + 13. Let l(x) = -5*x**2 - 6*x - 7. Let w(i) = -7*l(i) - 4*r(i). What is w(3)?
-6
Let j(w) = -4*w + 2. Let x(p) = 8*p - 116. Let v be x(15). Give j(v).
-14
Let u(t) = t**3 - 3*t**2 - 4*t + 2. Let h = 86 + -119. Let s be ((-6)/(-10))/(h/(-15) - 2). Determine u(s).
-10
Let f(d) = d**3 + 5*d**2 + 3*d + 7. Let s = -357 - -352. Calculate f(s).
-8
Let o(j) = 2 + 27*j - 11*j - 12*j - j. What is o(4)?
14
Let w(v) = v - 5. Suppose 18 - 52 = -5*x - t, -4*x + 3*t + 12 = 0. What is w(x)?
1
Let i(b) = -2*b - 6. Let f be i(3). Let q(p) = 2*p + 0*p - p**2 - 7 - 15*p. Let w be q(f). Let t(z) = z**3 - 6*z**2 + 6*z - 6. Give t(w).
-1
Let r(a) = -a**3 + 5*a**2 + 2*a. Let p = -5 - -2. Let d = -3 + p. Let t be ((-15)/6)/(3/d). What is r(t)?
10
Let l(j) = -2*j + 1. Let p(n) = -n**3 + 3*n**2 - n. Let o = 11 - 11. Suppose o = b + m - 0*m - 3, -3*b + 5*m + 9 = 0. Let d be p(b). Give l(d).
7
Let d(a) = -55*a + 32*a + 21*a + 10. Determine d(6).
-2
Let h(n) = 1. Let b(x) = 11 + 4*x - 3*x - 2*x. Let l = -11 - -10. Let v(y) = l*b(y) + 5*h(y). Calculate v(0).
-6
Let k(p) = 4*p - 1. Let n be 4*1 + (-912)/(-8). Let d = n - 119. What is k(d)?
-5
Let r(a) = -a**2 + 9*a + 8. Let v(x) = -2*x**2 + 17*x + 15. Let f(s) = s**2 - 8*s - 5. Let p be f(9). Let w = p - -1. Let d(t) = w*r(t) - 3*v(t). Give d(6).
-5
Suppose -2*f - 4*f + 24 = 0. Suppose f*q - 2*q + 5*q = 0. Let w(o) be the second derivative of o**4/12 + o**3/6 + 3*o**2/2 + o. Give w(q).
3
Let u(d) = -3*d - 15. Let j(l) = -8*l - 30. Let x(k) = -2*j(k) + 5*u(k). What is x(13)?
-2
Let p(s) = -2*s - 31. Let t be (3 - 3/6)/(16/(-96)). Determine p(t).
-1
Let o be 4*-1*(-90)/72. Let f(l) = 2*l + 2. Calculate f(o).
12
Let j(n) = -2*n - 3. Let b be 21/(-14)*2/1. Let y(l) = 2*l + 2. Let q(i) = b*j(i) - 4*y(i). Give q(4).
-7
Let g be -1 + 14/(-10) + (-87)/145. Let n(o) = -3*o. Determine n(g).
9
Let s(f) = -f**2 - 2*f - 2. Let x(m) = -m**2 + 10*m - 19. Let z be x(7). Let n be 1 - 4 - (-4 - -2)/z. What is s(n)?
-2
Suppose -4*n + 8*n = 5*p + 31, 0 = -5*n - 5*p + 95. Let b = n - 13. Let c(a) = -7*a - 1. What is c(b)?
-8
Let i(p) = 47*p + 2. Let n(b) = -16*b. Let o(g) = i(g) + 3*n(g). Suppose -2*s + 4 = -s. What is o(s)?
-2
Let x = 15 - 11. Let a(u) = 8 - 4 - 3 - 7 + u. Calculate a(x).
-2
Let k = 11 - -6. Let g = 19 - k. Let v(b) = -4*b**3 + 3*b**2 - 3*b + 4. Let q(m) = -3*m**3 + 2*m**2 - 2*m + 3. Let d(r) = 3*q(r) - 2*v(r). Give d(g).
-7
Let u(g) = -g**3 - 2*g**2 + g + 7. Let v(m) = -m**2 + 17*m - 52. Let t be v(4). Give u(t).
7
Let l(m) = 3*m**2 + 17*m + 10. Let g(s) be the first derivative of -5*s**3/3 - 13*s**2 - 15*s - 14. Let f(n) = -5*g(n) - 8*l(n)